
Suppose 0 = 4*h + h - 20. Suppose h*i - 17 = r, -3*i + r = -r - 19. Suppose 0 = i*j + 2*j + 15. Let p(g) = -g**3 - 3*g**2 - 2*g - 3. Give p(j).
3
Let a(i) = -i**3 - 1. Let v(y) = 6*y**3 - y**2 + 2*y + 2. Let x(z) = 5*a(z) + v(z). Let g(d) = -d**3 + 3*d**2 + d - 1. Let j be g(3). What is x(j)?
5
Suppose 0*c + 10 = -2*c, h = 2*c + 3. Let k(i) = -i**3 - 8*i**2 - 8*i + 7. What is k(h)?
14
Let h(x) = 3*x**3 - 7*x**2 + 4. Let q(y) = y**3 - 2*y**2 + 1. Let n(l) = -3*h(l) + 8*q(l). Calculate n(5).
-4
Let p(i) = -12*i + i**3 + 13*i + 3*i**2 - 5 - 2*i**3 - 2*i**2. Let t be (-6)/(1 - (-1 - -3)). Suppose u = t*u. Calculate p(u).
-5
Suppose -10 = -i - 1. Suppose -3*w - 7 + 23 = 5*b, -2*w + i = 3*b. Let y(t) = t + 4. Give y(b).
9
Suppose -16 = -5*m + 3*a + 19, 5*m - 25 = a. Let t(g) = 2*g - m*g**2 - g + 2*g + g**2. Determine t(2).
-6
Let m(a) = -2*a + 3. Let d(h) = -h**3 - 2*h**2 + 3*h + 3. Let v be d(-3). Suppose s = v*s - 6. Let y be s/(-2)*(-24)/9. What is m(y)?
-5
Let t(b) be the third derivative of -b**3/6 - 5*b**2. Let n(r) = -4 + 4 - 3*r - 4. Let j(d) = -n(d) + 2*t(d). Give j(-3).
-7
Let a(g) = g**3 - 87*g + 39*g + 1 + 39*g + 9*g**2. Determine a(-10).
-9
Let g(k) = k**2 - 2*k + 2. Let r be g(3). Let w(b) = 7*b + 1. Let c(q) = q + 1. Let v(j) = 5*c(j) - w(j). Calculate v(r).
-6
Let g(z) = -9*z + 23. Let a(j) = -14*j + 35. Let n(b) = -5*a(b) + 8*g(b). Let d be n(6). Let x(w) = 2*w + 1. Calculate x(d).
-5
Let g(d) be the first derivative of -d**4/4 - 4*d**3/3 - d**2/2 - 5*d + 1. Let j = -2 - -12. Let k = -14 + j. Determine g(k).
-1
Let r(g) = -12*g - 3. Let x = 0 + 8. Let c(n) = -4*n - 1. Let t(q) = x*c(q) - 3*r(q). Determine t(1).
5
Let a be 4/4 - -4*1. Let r(h) be the second derivative of h**3/6 + 8*h. Calculate r(a).
5
Suppose 0 = 4*k - 20 - 4. Let h be 2/k + 4/6. Let x(z) = 2*z - 2*z - z - h. Give x(2).
-3
Let v(b) be the second derivative of b**3/6 - b**2/2 - 50*b. Give v(4).
3
Let s(g) be the third derivative of g**6/120 + g**5/12 + g**4/8 - 2*g**3/3 - 11*g**2. What is s(-3)?
5
Suppose 0 = -7*x + 6 + 29. Let u(h) = -h**2 + 4*h - 7. Give u(x).
-12
Let s(j) = -5*j**3 + j**2 - 2*j + 1. Let p be s(1). Let w = -6 + 8. Let r(z) = 4*z**2 - 2*z + z**3 - w*z + 9 - z - 3. Give r(p).
6
Let l(a) = a - 6. Let j be l(6). Let n(u) = -3*u + 9. Let p(m) = 8*m - 26. Let y(g) = 11*n(g) + 4*p(g). Determine y(j).
-5
Let z(s) = 0*s**3 + 79 + s**3 - 2*s**2 - 81. Determine z(2).
-2
Let h(j) be the third derivative of j**6/180 + j**5/40 + j**4/6 - 3*j**2. Let y(v) be the second derivative of h(v). Determine y(-2).
-5
Let a(p) = p**2 - 5*p - 3. Suppose 1 = -2*j - 5. Let r = j - -3. Let m be -4*(-2)/(2 + r). Determine a(m).
-7
Let k be 4/(-3) - (-2)/6. Let z be k*(4 + -2)*3. Let y(a) = 2 + 4*a + 7 - 3*a. Determine y(z).
3
Let w(l) = -2*l - 3. Let b be 2 - (-1 - (-1 + 2)). Suppose -4*d + 0*d = 0. Suppose d*r + b = -r. What is w(r)?
5
Let h(j) = 3*j**3 + j**2 + j. Let q be (-4)/10 + (-56)/(-40). Suppose 2*k + q = -1. Calculate h(k).
-3
Suppose -3*l + 4*p + 1 = 0, 16 + 2 = 4*l - 2*p. Let y(b) = b**2 - 7*b - 1. Give y(l).
-1
Let o(f) = -f**3 + 7*f**2 - 5*f. Let h = -130 - -136. Give o(h).
6
Let z be (-16)/12*(-6)/(-4). Let u(n) = -2*n**3 - n**2 + n + 1. Calculate u(z).
11
Let u(o) = -2*o + 3. Let i(h) = h**3 + 7*h**2 + 7*h + 7. Let x be i(-6). Let r(q) = -q + 1. Let k = -4 - -1. Let p(s) = k*r(s) + x*u(s). Determine p(5).
5
Let l be (-14)/(-4) + 1/2. Suppose g - 3 = l*g. Let v(m) = -36*m**2 + 21*m + 16. Let n(j) = -7*j**2 + 4*j + 3. Let a(o) = 11*n(o) - 2*v(o). Calculate a(g).
-6
Let r(t) = t**2 + 3*t - 3. Let k = -12 + 28. Let b = k - 13. Determine r(b).
15
Let o(z) = z - 6. Let w be o(6). Suppose 3*f = -w*f + 27. Suppose f = -4*m - 3. Let i(y) = -y**3 - 5*y**2 - 3*y. Give i(m).
-9
Let w(r) = r**3 + 27*r**2 - 28*r + 6. Let a be w(-28). Let o(h) = -h - 2. Determine o(a).
-8
Let w(n) = -n**2 - 1. Let b(c) = -2*c**2 - c - 1. Let x(g) = -b(g) + 3*w(g). Let u(r) be the first derivative of x(r). Suppose 0*f + 2 = f. Calculate u(f).
-3
Let q(h) = h**2 + h + 6. Let r be (0/(-2))/(-2 + -1). Determine q(r).
6
Suppose -2*a - u = -6*a + 83, -4*a + 74 = 2*u. Suppose k + 0*k = 3*w + a, -30 = -3*k + 3*w. Let g(f) = f**2 - 5*f + 5. Determine g(k).
5
Let z = 11 + -15. Let w(g) be the second derivative of -g**3/3 - g. Give w(z).
8
Let b(g) = 4*g + 3 - 3. Let i = 3 - 6. Let n(p) = 7*p + 1. Let l(h) = i*n(h) + 5*b(h). What is l(-3)?
0
Suppose 0 = -6*h + 3*h - 24. Let l = -11 - h. Let p(q) = 0*q + 0*q + 4 + 2*q. What is p(l)?
-2
Let j(v) = v**2 + 2*v + 4. Let t(w) = w**2 - 9*w - 25. Let y be t(11). What is j(y)?
7
Let s(h) = -h + h**3 - h + 4*h - 1 - h**2. Let r(k) = k**2 - 26*k + 27. Let c be r(25). What is s(c)?
7
Let u(v) = -v**2 - v + 1. Let k be 9/(-2)*12/9. Let s = 0 + k. Let z be (-3)/(-4) - s/(-8). Give u(z).
1
Let m(r) be the third derivative of -r**4/8 - r**3/6 + r**2. Let j = -7 - -11. Suppose -2 = -j*s + 2. Give m(s).
-4
Let t(o) = o**2 + o - 2. Let f = 4 + 2. Let q be 4/12 - (-10)/f. Suppose -q*i = -0*i. Determine t(i).
-2
Let k(a) = -a**2 + 9*a - 9. Suppose -4*t - 5*z + 9 = 0, 14 = -5*z - 1. What is k(t)?
9
Suppose 0 = -x - 0*x - 3. Let z be (-42)/(-18) + (-2)/x. Let t(v) be the third derivative of -v**4/24 - v**3/2 + v**2. Calculate t(z).
-6
Let i(c) be the second derivative of 0*c**2 + 0 + 1/6*c**3 - 1/120*c**5 + c + 1/360*c**6 - 1/6*c**4. Let n(b) be the second derivative of i(b). Determine n(3).
2
Suppose -2*g = y - 5*g - 4, 0 = -5*y - 2*g + 71. Let m(f) = -y*f**2 - 4 - f + 14*f**2 + 5. Determine m(1).
1
Let z(i) = -i**2 - i + 1. Let l(b) = 1. Let v(q) = l(q) - z(q). Give v(-3).
6
Let n(o) be the third derivative of -o**6/180 + o**5/60 + o**4/12 + 2*o**3/3 + 6*o**2. Let k(m) be the first derivative of n(m). Give k(2).
-2
Let o(d) = 7*d + 8*d + d + 2 - 15*d. Calculate o(-2).
0
Suppose q - 3*z + 13 = 5*q, -5*q + 19 = z. Let m(p) = p**2 - 2*p**2 - 3*p + 5 + 8*p. Determine m(q).
9
Let y(f) = -f + 8. Let z(u) = u**2 + 8*u + 9. Let d be z(-6). Let v(i) = -i + 2. Let m be v(d). Give y(m).
3
Let g(o) = -o**2 + 3*o + 6. Suppose -10*v = -8*v - 10. Give g(v).
-4
Suppose 0 = -2*b + 2*d + 6, 0 = b + 4*d - 2*d - 3. Let x(m) = 1 + 4 - m**2 - 8 + 3*m. Give x(b).
-3
Let y(x) = x**3 + 4*x**2 - 4*x + 6. Suppose -5*i - 2 + 17 = 0. Suppose i*j - 5*j = 10. Calculate y(j).
1
Let u be (1 - 2) + (2 - -1). Let n(p) = 3*p**2 + 4*p + 2 + 3*p**3 - 4*p**3 + u*p**3. What is n(-2)?
-2
Let j(u) = u**2 + 4*u - 2. Suppose 5*k - 105 = -5*c, 2*k - 19 = 2*c + 11. Suppose -3*b - k + 6 = 0. What is j(b)?
-2
Let g(s) = -6*s**2 - s + 1. Let v(t) = -t + 13. Let q be v(12). What is g(q)?
-6
Let q(v) = v + 8. Let m be q(-6). Let n be (-14)/(-6) - m/6. Let s(a) = 5 - 2*a - 2*a + n*a - a**2. Calculate s(-5).
-10
Let a = 35 + -25. Suppose 0*z + a = -5*z. Let c be (z/(-6))/((-2)/(-12)). Let j(o) = -o. What is j(c)?
-2
Let c = 5 + -2. Suppose -3*u + c = -0*u. Let d(l) = -l**3 - 2*l**2 + l. What is d(u)?
-2
Let o(a) = a**2 + 5*a - 2. Let l be 16/5 + (-2)/10. Suppose 2 - 13 = 3*i - s, -l*i = s + 19. Calculate o(i).
-2
Let i be ((-2)/(-8))/((-6)/(-24)). Let j(p) = 10*p**2 + p. Determine j(i).
11
Let n(y) = 2*y**2 + 8*y + 6. Suppose 15 = -3*z, 5*z = 3*b - 9 - 1. Calculate n(b).
16
Let i(m) be the first derivative of m**6/360 + m**5/24 - m**4/6 - 2*m**3/3 - 1. Let t(s) be the third derivative of i(s). Give t(-6).
2
Let b(p) be the first derivative of p**6/360 - p**5/30 - p**4/12 + p**3/3 + 3. Let n(u) be the third derivative of b(u). What is n(6)?
10
Let x(c) = 7*c - 10*c - c - 13 + 5*c**2. Let v(r) = -r**2 + 1. Let u(f) = 6*v(f) + x(f). Calculate u(-5).
-12
Suppose 2 - 22 = 4*u. Let s(z) be the second derivative of -z**4/12 - z**3 - 3*z**2 - z. Give s(u).
-1
Let t(x) = x**2 - 5*x + 4. Let n(w) = w - 1. Let q be n(3). Let o be (q + 1)*(1 - 0). Calculate t(o).
-2
Let k(g) = g**2 - 9*g - 12. Let v be 56/4 + (-4 - 0). Give k(v).
-2
Let m(i) = i**3 - 8*i**2 + 8*i - 2. Let n be m(7). Let y be 2*2/(-8)*-22. Suppose -4*r = -3*f + y, 5*f + 0*f = -n*r - 40. Let d(p) = -p - 8. What is d(r)?
-3
Suppose 5*b + 3*d + 7 = 4*d, 22 = -5*b - 4*d. Let z(l) = -2*l - 1. What is z(b)?
3
Let z be -4 + (-3 - -11) + 1. Let o(b) = 2*b - 5. Give o(z).
5
Let z(o) = 3*o - 13. Let r(w) = -3*w + 12. Let a(h) = -4*r(h) - 3*z(h). What is a(8)?
15
Let o be -6*7